 what is 16 + -a?
9
In base 9, what is 1 + -565?
-564
In base 16, what is -e5 - -5?
-e0
In base 16, what is b - -2f2?
2fd
In base 8, what is -472 + -2?
-474
In base 5, what is -2 - -34303?
34301
In base 7, what is -5 - -2601?
2563
In base 15, what is -ca1 + -1?
-ca2
In base 10, what is -7752 - 3?
-7755
In base 14, what is -55 - 4?
-59
In base 8, what is -6 + -102?
-110
In base 9, what is -1 - 351?
-352
In base 3, what is -211020122 - -11?
-211020111
In base 2, what is 111 - -110?
1101
In base 15, what is 2 - 2d1?
-2ce
In base 15, what is 14 - 3?
11
In base 12, what is 4bb + -6?
4b5
In base 2, what is 101011101 + -1?
101011100
In base 9, what is 4 - 6?
-2
In base 3, what is -22 - 21?
-120
In base 5, what is -2 + 4411?
4404
In base 6, what is -21 + -1320?
-1341
In base 12, what is -3 - 6153?
-6156
In base 13, what is -1b6 - 3?
-1b9
In base 12, what is 2961 - -3?
2964
In base 7, what is -151 + 5?
-143
In base 12, what is 0 - 20?
-20
In base 4, what is -212 - 12?
-230
In base 6, what is -31053 + -1?
-31054
In base 3, what is 1010 - 101?
202
In base 3, what is -221 + -1?
-222
In base 10, what is 9 + -196?
-187
In base 12, what is 1420 - 1?
141b
In base 13, what is 273c - -4?
2743
In base 16, what is -23d + -2?
-23f
In base 3, what is 1021112 + 202?
1022021
In base 13, what is 2 - 531?
-52c
In base 4, what is -22 + -101?
-123
In base 11, what is 147 - -14?
160
In base 9, what is 543 - 3?
540
In base 5, what is -243 - 2?
-300
In base 12, what is -11b0 + 4?
-11a8
In base 8, what is 3704 - 2?
3702
In base 16, what is 402 + 0?
402
In base 6, what is 211 + -15?
152
In base 3, what is -11121 + 22?
-11022
In base 8, what is 31 - -25?
56
In base 13, what is 128c - -2?
1291
In base 5, what is 23 + 213?
241
In base 10, what is 478 + -3?
475
In base 3, what is 210102 + 12?
210121
In base 2, what is -11 + -1010011?
-1010110
In base 8, what is -10 + 33?
23
In base 15, what is -3 + 6b4?
6b1
In base 9, what is 454 - -1?
455
In base 11, what is 2 + -3512?
-3510
In base 12, what is 15 + -292?
-279
In base 15, what is -6aa + -3?
-6ad
In base 6, what is -455 - -1?
-454
In base 14, what is -50 - 1?
-51
In base 13, what is b + -2?
9
In base 16, what is -e2 + -3?
-e5
In base 7, what is -26240 + -5?
-26245
In base 7, what is -13 + 11?
-2
In base 2, what is 10100011011 - 1?
10100011010
In base 15, what is -be - 5?
-c4
In base 5, what is -12 - 332?
-344
In base 10, what is -794 - 1?
-795
In base 14, what is -99 - 2?
-9b
In base 4, what is -12 + -1031?
-1103
In base 14, what is a - 0?
a
In base 16, what is 5 + 98?
9d
In base 2, what is 110 + -111100?
-110110
In base 2, what is -1100 + 101111?
100011
In base 14, what is -2 - 124?
-126
In base 11, what is 4 - 52?
-49
In base 4, what is 1 + 13?
20
In base 6, what is -14 - -23?
5
In base 10, what is -496 - 19?
-515
In base 4, what is 112103 + 11?
112120
In base 11, what is 5316 + 1?
5317
In base 9, what is 4 + 1783?
1787
In base 6, what is -3 - 20342?
-20345
In base 16, what is -5 + -694?
-699
In base 5, what is -123 + 33?
-40
In base 16, what is 21 + 7?
28
In base 5, what is 12 + -22104?
-22042
In base 15, what is -3 + 1?
-2
In base 13, what is -4 + -bab?
-bb2
In base 14, what is -64d - 9?
-658
In base 3, what is 22221 - 110?
22111
In base 10, what is 50 - -3?
53
In base 11, what is -3680 + 9?
-3672
In base 15, what is 1d - 22?
-4
In base 9, what is 21 + -8?
12
In base 5, what is 1032 + 3?
1040
In base 7, what is 1551 + 63?
1644
In base 8, what is -671 + 5?
-664
In base 6, what is -4 + 5110?
5102
In base 16, what is 0 - -b?
b
In base 6, what is 5 + -20?
-11
In base 12, what is -79a - 1b?
-7b9
In base 11, what is 0 + -10?
-10
In base 4, what is 3 + -10?
-1
In base 5, what is -1133 + 214?
-414
In base 2, what is -10010000011 + 110?
-10001111101
In base 14, what is -3a1 - 5?
-3a6
In base 14, what is 472 + 8?
47a
In base 7, what is -112 - -2?
-110
In base 6, what is 55 + -52?
3
In base 3, what is 21211 - -2?
21220
In base 12, what is 9ba1 - -3?
9ba4
In base 3, what is 100102 + 1110?
101212
In base 9, what is -275 - 4?
-280
In base 5, what is -23 + -424?
-1002
In base 16, what is -15 + a?
-b
In base 14, what is -8451 + 2?
-844d
In base 7, what is 1 + -314?
-313
In base 8, what is -6 + 1116?
1110
In base 5, what is 3 - 440?
-432
In base 16, what is c56 + -1?
c55
In base 2, what is 101 + 1010100000?
1010100101
In base 2, what is -11000 + 1111?
-1001
In base 14, what is -51 + 29?
-26
In base 9, what is 586 + 4?
601
In base 3, what is -2 + 110212?
110210
In base 11, what is -1 - -695?
694
In base 4, what is 212020 - -2?
212022
In base 16, what is -22 - -1?
-21
In base 5, what is 2 + 1031?
1033
In base 15, what is 0 - -43?
43
In base 2, what is -111011010 - 1?
-111011011
In base 6, what is 1251 - -5?
1300
In base 11, what is 7 + -573?
-567
In base 10, what is 10 - 130?
-120
In base 13, what is 5 - 410?
-408
In base 11, what is 6 - -42?
48
In base 9, what is -1 + -5?
-6
In base 16, what is -8 + 22?
1a
In base 5, what is 120 + -122?
-2
In base 5, what is -3 + -403?
-411
In base 14, what is 32 + 0?
32
In base 6, what is 134 + -331?
-153
In base 12, what is 1b3 - 2?
1b1
In base 4, what is -322 - 10?
-332
In base 7, what is -3110 + 2?
-3105
In base 3, what is 222 + 102?
1101
In base 2, what is 110000111010011 + 11?
110000111010110
In base 7, what is 1 - -3356?
3360
In base 10, what is 2561 + -2?
2559
In base 8, what is 620 + -12?
606
In base 13, what is -55 - 3?
-58
In base 3, what is -1 - -2102?
2101
In base 13, what is -2 - -42?
40
In base 8, what is 2 - -70?
72
In base 11, what is 5 - -29?
33
In base 5, what is -102 - -10?
-42
In base 8, what is 3 - 112?
-107
In base 4, what is -133 - -10?
-123
In base 14, what is -2 - -52?
50
In base 14, what is 5 - 6b4?
-6ad
In base 12, what is -aa71 - -4?
-aa69
In base 7, what is -12 + 11?
-1
In base 9, what is -5132 + -1?
-5133
In base 14, what is -3b + -20?
-5b
In base 8, what is -31 + 1005?
754
In base 12, what is 8 + -1458?
-1450
In base 7, what is 16 + -2610?
-2561
In base 15, what is -45 - 0?
-45
In base 12, what is -60a - -2?
-608
In base 12, what is 0 + -35?
-35
In base 6, what is 231 + 5?
240
In base 15, what is ac - -47?
104
In base 8, what is -17 - -62?
43
In base 3, what is -12122 - 2?
-12201
In base 6, what is -12 - 233?
-245
In base 7, what is -4 + -15?
-22
In base 3, what is -21110 - 20?
-21200
In base 12, what is 62 + 4?
66
In base 6, what is 3 - 1004?
-1001
In base 6, what is 5 + -4044?
-4035
In base 4, what is -11 + -11331?
-12002
In base 16, what is 131c - 1?
131b
In base 11, what is 686 - 8?
679
In base 10, what is -4 + 403?
399
In base 4, what is 1101 + -11?
1030
In base 10, what is -4 - 1074?
-1078
In base 15, what is 41a - 1?
419
In base 13, what is 97 + 1?
98
In base 3, what is -10122 + 11?
-10111
In base 16, what is 27a - c?
26e
In base 13, what is 36 + 3?
39
In base 10, what is -5 + 396?
391
In base 15, what is 3c - 0?
3c
In base 11, what is -1 - 7?
-8
In base 12, what is -486 + 4?
-482
In base 8, what is 16 + -7?
7
In base 12, what is 5 + -94?
-8b
In base 16, what is -2f - -5?
-2a
In base 16, what is 0 + 11?
11
In base 14, what is -7 + 97?
90
In base 7, what is -2 + -14?
-16
In base 2, what is 110111100 + 100010?
111011110
In base 12, what is -4 - 54?
-58
In base 9, what is 2 - 5535?
-5533
In base 13, what is -11 - 20?
-31
In base 12, what is -210 + -2?
-212
In base 9, what is 4 + -1140?
-1135
In base 12, what is -1297 - -3?
-1294
In base 14, what is -86 - 10?
-96
In base 15, what is -b + 5?
-6
In base 9, what is -4622 - 3?
-4625
In base 4, what is -10313 - 1?
-10320
In base 15, what is -4b6 + 8?
-4ad
In base 15, what is 2e4 + -e?
2d5
In base 16, what is 50 - 1?
4f
In base 2, what is -1010001000 - 100?
-1010001100
In base 5, what is -20301 + 10?
-20241
In base 16, what is -333 + 2?
-331
In base 7, what is 5 + 121?
126
In base 10, what is 283 - 2?
281
In base 3, what is 20002 + -1?
20001
In base 16, what is 7 + 174?
17b
In base 8, what is -2112 + 2?
-2110
In base 4, what is 10 - -2303?
2313
In base 15, what is -4 - -29e?
29a
In base 6, what is 4132 + 3?
4135
In base 2, what is 1011111 - 10?
1011101
In base 14, what is 2 + 109?
10b
In base 5, what is 122201 + -3?
122143
In base 2, what is 101 - 1001010?
-1000101
In base 12, what is 1521 + -8?
1515
In base 13, what is -16 + 